factor of z and x.
8
Let s be -1 - (-1 - -3 - 5). Suppose -s*p - 2*v = 3*v - 56, 2*v = 0. Calculate the highest common factor of p and 4.
4
Let z = -18 + 26. Suppose -d + h = d - 63, 2*h = -2*d + 66. What is the greatest common factor of d and z?
8
Let u(y) be the first derivative of y**3 - 2*y**2 + 3*y - 2. Let w be u(2). What is the highest common divisor of 63 and w?
7
Suppose 18 + 27 = 3*n. Suppose -o = 2*o - n. Suppose -h + 2*h - 128 = -2*a, -5*a = o*h - 315. What is the greatest common factor of 13 and a?
13
Let n(g) = -5*g - 7. Let l be n(-3). Calculate the greatest common factor of l and 72.
8
Let n = -23 + 38. What is the highest common divisor of 120 and n?
15
Suppose 0 = 2*c - c + 3. Let l be ((-2)/c)/(4/90). Calculate the highest common factor of 120 and l.
15
Suppose -g + 2 = 2*d, -4*d = -2*g - 2*g - 28. Calculate the greatest common divisor of d and 4.
1
Let i(g) = -2*g + 9. Let j be i(9). Let t be -4*(j + -2) - 0. What is the greatest common factor of 110 and t?
22
Let q(w) = -w**2 - 2*w + 4. Let y be q(-3). Let j be (-1 - -6) + (2 - y). Let b be ((-154)/(-6))/(2/j). Calculate the greatest common factor of 11 and b.
11
Suppose -2*p - 16 = -4*p. Let k be ((-18)/12)/((-3)/p). Let w be (-3)/6 + 14/k. Calculate the greatest common factor of w and 3.
3
Let g be (27/(-12))/(1/(-32)). Let h be ((-2)/(-4))/(19/304). What is the greatest common factor of h and g?
8
Let h be 3/(-18)*-3*14. What is the highest common factor of 49 and h?
7
Let d be (-52)/(-6) + (-3)/(-9). Let o = d + -4. Suppose -4*w = 3*x - 82, 211 - 57 = o*x - 2*w. Calculate the greatest common factor of 20 and x.
10
Let p = 26 + -21. Calculate the highest common factor of p and 25.
5
Let q be (-200)/15*(-96)/10. What is the greatest common divisor of 16 and q?
16
Let s = -79 + 167. Let t be (2 - -63)*s/20. Suppose -t = -0*o - 2*o. Calculate the greatest common divisor of 13 and o.
13
Suppose 42 = 5*s - 33. What is the greatest common divisor of 135 and s?
15
Suppose 2*u - 14 = -2. Let f be (-15)/u*36/(-10). What is the highest common factor of 81 and f?
9
Let k be (-24)/9 - (-4)/6. Let f be ((-41)/2 - 2)*2. Let l be (k/(-3))/((-5)/f). What is the highest common divisor of l and 18?
6
Let h = 108 - 31. Let o = 20 + -13. What is the highest common factor of h and o?
7
Let z(y) = y + 16. Let a be z(-12). Suppose 0 = -a*i + v + 25, 0*v = 2*i - 2*v - 8. What is the greatest common factor of i and 35?
7
Let o(y) be the second derivative of -y**5/20 - y**4/12 + y**3 + y. Let k = 21 - 27. Let r be o(k). What is the greatest common factor of r and 18?
18
Let o(c) = c**2 + 7*c + 2. Let n be o(-8). Calculate the highest common factor of 80 and n.
10
Let w(l) = 8*l - 4. Let c be 4/10 - (-52)/20. Let y be w(c). What is the greatest common divisor of 40 and y?
20
Let j be (-9 + 5)*(-6)/8. Let d be (-1 - 3)/(2/(-5)). Suppose j*m + 4*t - 29 = 0, t + d = 2*m + 6*t. What is the greatest common factor of m and 45?
15
Let z be 1 + -4 + (24 - 11). Let l be (135/z)/(3/8). Calculate the greatest common factor of 90 and l.
18
Let m(g) = -g**2 + 6*g - 2. Let y be m(3). Calculate the highest common factor of 49 and y.
7
Let x = -23 + 19. Let s(n) = -n**3 + 3*n**2 - n + 4. Let j be s(x). Calculate the highest common factor of j and 15.
15
Suppose -3*d + 90 = 4*k, -4*d + d - 99 = -5*k. What is the highest common factor of 28 and k?
7
Let w(t) = 4*t**2 + t + 1. Let g be w(-2). What is the highest common factor of 135 and g?
15
Let w = 55 + -25. Suppose 2*b = -3*b. Suppose 3*t - 18 = -b*t. What is the greatest common divisor of w and t?
6
Let u = -7 - -8. Let d = u - -3. Calculate the highest common divisor of 28 and d.
4
Let g be (4*1)/(8/4). Suppose 0 = -4*t + g*t + 26. Suppose 3*x + 4*w - 99 = -37, 5*x - 5*w = 150. What is the greatest common factor of x and t?
13
Let h be (1*14/8)/(2/56). Calculate the highest common factor of h and 7.
7
Let w be ((-24)/(-5))/((-4)/(-20)). Let c = -9 + w. Calculate the highest common divisor of 30 and c.
15
Let r be (14/1)/2 - 2. Let s(l) = 1 - 2 + 5 + 11*l - 3*l. Let b be s(r). What is the highest common divisor of 11 and b?
11
Let x be 10/14 + 2/7. Let f = -2 + 2. Let c = f + x. What is the greatest common factor of c and 1?
1
Let a = 6 + -2. Let s be a/4 + (-20)/(-2). Suppose b - 2 = 9. Calculate the highest common factor of s and b.
11
Suppose 8 = 3*f - 4. What is the highest common factor of f and 40?
4
Suppose 284 = 4*v - 208. Let m = v + -63. Let z = -2 - -17. Calculate the highest common factor of m and z.
15
Let n be 1/3*(-11 - -20). Suppose 0 = -n*h - 3, 0*h - h = 4*k - 39. Calculate the greatest common divisor of k and 110.
10
Suppose 0 = 3*i - 5*v - 383, 2*v + v - 501 = -4*i. What is the greatest common factor of 14 and i?
14
Suppose -105 = -3*j - 24. What is the greatest common divisor of 27 and j?
27
Let r = -2 + 128. Calculate the highest common factor of 18 and r.
18
Let n(c) = 11*c**2 - 5*c - 3. Let h be n(4). Suppose -3*g = -4*s + 36, 5*g = -s - 2 - 12. Let a = 23 - s. What is the greatest common factor of a and h?
17
Suppose 5*y = 0, -3*x - 1 = 3*y + 14. Let a be 5/(x/(-11)) - 4. Suppose n = -v - 3*n + 69, 10 = 2*n. What is the highest common factor of v and a?
7
Let u = 78 - 113. Suppose 3*p = 4*j - 3*j - 36, -p - 28 = 5*j. Let z = p - u. What is the greatest common factor of 55 and z?
11
Let x(m) = m + 13. Let w be x(-11). Suppose w*z - 8 = 0, r - 4*r - z = -49. Calculate the highest common divisor of r and 5.
5
Suppose 3*b = 63 - 9. Let d = b + 62. Suppose 3*t - 4*u - 30 = 0, -2*u - 51 = -5*t - 1. What is the greatest common divisor of d and t?
10
Let d(o) = o**3 + o**2. Suppose -6*w + w = 0. Let m be d(w). Suppose -4*h + 340 + 56 = m. Calculate the highest common divisor of 11 and h.
11
Suppose 5*m - 56 = 2*d, 0 = 4*m + 4*d - 33 + 5. Suppose 5*l + 370 = 5*j, -20 = 2*l + 3*l. Calculate the highest common divisor of m and j.
10
Suppose -2*i = -2*t + 6*t - 48, 3*t + 2*i - 38 = 0. Calculate the highest common divisor of t and 110.
10
Let x = -49 + 115. Let u be 7 + 0 - (-4)/(-4). Suppose 0*h = -h + u. What is the highest common factor of x and h?
6
Suppose 8 = -2*g - 3*h, 4*g - 4*h = h + 28. Let v(m) = -5*m + 1. Let a be v(1). Let i = 5 + a. Calculate the highest common divisor of i and g.
1
Let z(b) be the first derivative of 34*b**3/3 - b**2 - b - 3. Let c be z(-1). What is the greatest common factor of 5 and c?
5
Let w = 1126 + -801. Suppose -t + w = 4*t. Suppose -3*k - 8*z + 49 = -13*z, 4*k = -z + 50. What is the greatest common divisor of k and t?
13
Let l = -5 + 30. What is the greatest common divisor of l and 5?
5
Suppose -41 = -2*u - c, 0 = 2*u - 0*u + 3*c - 43. Let p be (-2)/10 + 164/u. Calculate the greatest common factor of 1 and p.
1
Suppose -g = g - 6. Let k be (-3)/(-9)*g + 1. Suppose -u + k*u - 45 = 0. Calculate the highest common divisor of 5 and u.
5
Let p = 24 + -26. Let o be (p/3)/(3/(-135)). Calculate the greatest common factor of 20 and o.
10
Suppose -3*q - 9 = -4*l, 0 = 5*l - 4*q + 2 - 13. Suppose 8 = o + l. Suppose -2*c + 3*c - 55 = 0. Calculate the highest common divisor of c and o.
5
Let b = -39 + 47. Calculate the highest common divisor of b and 24.
8
Let m = 346 - 86. Let z = m + -134. What is the greatest common factor of z and 18?
18
Let i = 7 + -3. Calculate the greatest common factor of 44 and i.
4
Let t = 80 - -24. What is the greatest common divisor of t and 13?
13
Let a(i) = 2*i**3 - 4*i**2 + 4*i - 3. Let t be a(2). Let j = t - 1. Suppose j*x = 31 + 161. Calculate the greatest common divisor of 12 and x.
12
Let c = -37 + 76. Suppose -3*k = 2*o - 20, 5*o - k - c = 45. What is the highest common factor of 4 and o?
4
Let t(v) = -4*v**3 - 2*v**2 + 6*v + 5. Let l be t(-4). Let z = l - 84. What is the greatest common divisor of z and 11?
11
Suppose -3*j + 34 = -50. Suppose 1 = -x - 4*p, -5*x + 3*p = 2*p - 37. Suppose 280 = x*u - 3*u. What is the greatest common factor of u and j?
14
Suppose 0 = -3*s - 5*y + 302 - 49, -2*y = 4*s - 328. Let a(r) = -r**2 - 6*r + 4. Let k be a(-5). Calculate the highest common factor of k and s.
9
Let w = -100 + 117. Calculate the highest common divisor of 17 and w.
17
Let f(s) = s**2 - s + 2. Let p be f(0). Suppose -3*r + 241 = 2*l, -3*r + p*l = -r - 144. Calculate the greatest com